, 6481
Let l(g) = -2*g**3 - 5*g**2 + 2*g - 17. Suppose -5*d + 3*b = -21 + 52, -b - 13 = 3*d. What are the prime factors of l(d)?
2, 7
Suppose -917*a + 912*a + 209915 = 2*u, 0 = -4*a + 5*u + 167965. What are the prime factors of a?
3, 5, 311
Let m(t) = -3*t**3 - 15*t**2 - 36*t + 51. What are the prime factors of m(-10)?
3, 7, 13
Suppose 56*h = 62*h - 12. Suppose 6*u - 555 = u - 4*k, -5*k = -5*u + 555. Suppose h*n = -n + u. What are the prime factors of n?
37
Let j be (2 - 1)/(-6 - (-217)/35). Suppose -j*i + 2614 = -1126. Suppose 6*a = i + 278. List the prime factors of a.
3, 19
Let a be -3 - 11/(-2)*2. Let k be 18/(-3) - (-2 + -11). Suppose -4*x = -5*l - 564, -k*l + a*l + 705 = 5*x. What are the prime factors of x?
3, 47
Let i(k) = 7*k**2 + 6*k + 6. Let f be 1880/24 - (-2 + (-7)/(-3)). Let o = 74 - f. What are the prime factors of i(o)?
2, 47
Let f be 7/147*7*12. Suppose -4*g = -2*a + 748, -8*a + f*a + 1508 = -2*g. What are the prime factors of a?
2, 3, 7
Suppose -n + 5*k = -7156, -4*n + 63*k = 59*k - 28672. What are the prime factors of n?
71, 101
Suppose -17*a = -0*a - 935. Suppose 25 = 8*n - a. List the prime factors of n.
2, 5
Suppose 19*l - 120 = 24*l. What are the prime factors of -2*(-11883)/24 + l/(-32)?
991
Let o = -4161 + 6982. Let w = -1987 + o. What are the prime factors of w?
2, 3, 139
Let w(t) = t**3 + 11*t**2 + 10*t + 2. Let y be w(-10). Suppose 3*h - y*u + 38 = 0, 30 - 6 = -4*h - 4*u. List the prime factors of 2/(-4) - -283*(-5)/h.
3, 47
Suppose -4*j + 5*z + 1748 = 0, -5*z - 269 = 4*j - 1977. Let g = 348 + -646. Let f = j + g. List the prime factors of f.
2, 67
What are the prime factors of 20/(-25)*2681225/(-115)?
2, 4663
Let s(y) = y**3 - 31*y**2 + 69*y + 671. What are the prime factors of s(37)?
2, 7, 19, 43
Let l(r) = 3578*r**2 + 4*r - 4. List the prime factors of l(1).
2, 1789
Suppose -81*v - 675 = -4*n - 86*v, -4*n + 4*v = -684. Let x be 1*-3*274/(-6). Suppose -5*o + n = 4*j, -4*o - x = -3*j - 25. What are the prime factors of j?
2, 5
Suppose -21*l + 1764 = -12*l. Let n = l + 165. List the prime factors of n.
19
Suppose -3*s - 663 = 3*b, 6*b = -2*s + b - 427. Let g = s + 411. List the prime factors of g.
5, 37
Let v(d) = d**3 + 13*d**2 - 17*d - 1. Suppose -12 = 11*f - 1. Let x(y) = -17*y**2 - 4*y - 1. Let s be x(f). List the prime factors of v(s).
41
Let s be (-50 - -49)*(-1 - (1 + -3)). What are the prime factors of (((-326)/(-6))/(12/(-72)))/s?
2, 163
List the prime factors of (-13*(-6)/(-12))/((-4 + 1)/6342).
7, 13, 151
Suppose 0*p + 327 = -n + 3*p, 2*n = 2*p - 658. Let t = n - -612. What are the prime factors of t?
2, 3, 47
Let b be 16/((-176)/(-33)) + 1 + -8. List the prime factors of 418 + -6*b/12.
2, 3, 5, 7
Let c = 4055 + -2185. Let u = c + -1217. What are the prime factors of u?
653
Let p(u) = 5*u**2 - 23*u + 23. Let m be p(1). Suppose m*a - 3*b - 3196 = -b, 3*b = -9. What are the prime factors of a?
2, 11, 29
Let j be (394/(-8))/(3/(-24)*2). Let f = j + -51. Suppose 0 = 5*k - 94 - f. List the prime factors of k.
2, 3
Suppose -5*j = -16*z - 64973, -51946 = -j - 3*j + 2*z. List the prime factors of j.
5, 7, 53
Let x be (7/(70/(-16)))/((-3)/15). Suppose -x*n = 257 - 1577. List the prime factors of n.
3, 5, 11
Let l(g) be the first derivative of 5*g**2/2 + 10*g + 2. Let s be l(-2). Suppose 5*o - 595 = -s*o. What are the prime factors of o?
7, 17
Let x(t) = 28*t**3 + 3*t**2 - 33*t - 9. What are the prime factors of x(6)?
3, 661
Let o(f) = 2*f**3 - 47*f**2 - 36*f + 21. What are the prime factors of o(25)?
2, 3, 83
Let h(r) = -r + 1. Let u be h(-4). Let k = 587 + -482. Suppose u*l - k = 30. What are the prime factors of l?
3
Suppose 0*h + 20*h - 280 = 0. Let y(c) = 6*c**2 - 30*c - 46. What are the prime factors of y(h)?
2, 5, 71
List the prime factors of (-7)/(42/779784)*5/(-10)*1.
2, 32491
Suppose 9 = -4*r + 7*r. Suppose 724 = r*s + f, -36*f + 720 = 3*s - 39*f. What are the prime factors of s?
241
Let l(g) = g**3 + 58*g**2 + 137*g + 335. List the prime factors of l(-46).
3, 5, 7, 37
Suppose 3*o = -5*u - 6 + 5, 0 = -3*o + 4*u + 17. Suppose 3*t + 2*r - 123 = -5, o*t - 128 = -4*r. Suppose t*v = 40*v - 180. What are the prime factors of v?
3, 5
Let p = 9 - -7. Suppose -4*g = -4*d + p, -4*d - 15 = d. What are the prime factors of (g/((-84)/9))/((-2)/(-280))?
3, 5, 7
Suppose -55*s + 34289 = -42*s + 944. What are the prime factors of s?
3, 5, 19
Let t = 53 - 48. Suppose -t*a + 175 = -4*b - 424, -4*b = 3*a - 385. Suppose -r - 2*r = -a. List the prime factors of r.
41
Suppose 36096 = -4*w + 10*w. List the prime factors of w.
2, 47
Let a be 1 - (-5 - -5) - -1. Suppose -3*c = -5*f + 2452, 2*f - a*c = 416 + 568. List the prime factors of f.
2, 61
Suppose 33*q - 306 = 24*q. Let p be q + (-1 + 1)/4. Let o = 84 + p. What are the prime factors of o?
2, 59
Let q(s) = -83*s**3 + 3*s**2 - s + 6. Let z be q(-3). Suppose 13*f = -z + 11975. List the prime factors of f.
2, 373
Let u be (-3)/15*-5*0. Suppose 6*i - 3187 - 2069 = u. List the prime factors of i.
2, 3, 73
What are the prime factors of 25/100*43304 + (-16)/2?
2, 3, 601
Let m(g) = 9*g**3 + 7*g**2 - 127*g - 31. List the prime factors of m(10).
37, 227
Let x(h) = -h**3 - 3*h**2 + 10*h + 4. Let n be x(-9). Let y = 832 - n. List the prime factors of y.
2, 3
Let w(x) = -6*x + 8. Let t be 2958/(-66) + 4/(-22). Let b = t + 34. List the prime factors of w(b).
2, 37
What are the prime factors of (116865/(-1))/(-5) + ((-55)/(-11))/5?
2, 13, 29, 31
Suppose 4*s + 7717 + 3091 = 0. Let t = -1452 - s. List the prime factors of t.
2, 5
Let s(n) = 3*n + 5. Let m be s(10). Let v be (4746/m)/((-33)/(-15) + -2). Suppose 4*q - 10*q + v = 0. List the prime factors of q.
113
Let g = -39 - -35. Let i be g/28 - (-2)/28*2. Suppose i = 4*a + 94 - 378. What are the prime factors of a?
71
Let c(h) = -h**3 + 7*h**2 + 11*h - 11. Let f be c(8). Suppose -f*m - 34 = -14*m. Suppose 0 = -3*n - g + 43, 3*n + 2*g - m - 10 = 0. List the prime factors of n.
2, 7
List the prime factors of (-16)/(-12) - (-1455090)/90.
19, 23, 37
Let j = 43 + -32. Suppose j*g - 36 - 19 = 0. Suppose -g*z - 3*q = 2*q - 795, 318 = 2*z - 4*q. What are the prime factors of z?
3, 53
What are the prime factors of ((-7852)/14)/(186/(-2604))?
2, 13, 151
Suppose -11*k = -56 - 307. Let s be 3 + 43071/k - (-12)/(-66). Suppose 10*j - s = -2*j. List the prime factors of j.
109
Let m = -11822 - -17052. List the prime factors of m.
2, 5, 523
Suppose -3*f + 54 = 4*b, b + 5*f = -3*b + 50. Let s(m) = -b*m - 4 + 7 + 0*m - 3*m. What are the prime factors of s(-2)?
3, 13
Suppose -8*y = -10*y + 20. Let o(t) = 10 + y*t + 2 + 13 - 11*t**2 + t**3 - 4. What are the prime factors of o(11)?
131
Let c(x) = -x - 17. Let v be c(-21). Suppose 4*z = 3*z + v*b - 154, -3*z + b = 473. Let s = 288 + z. What are the prime factors of s?
2, 5, 13
Suppose -51491 + 80631 = 13*m - 143058. What are the prime factors of m?
2, 37, 179
Suppose 0 = -2*m + 3*q - 19, -2*q + 7*q + 11 = -2*m. Let i(j) = -j**2 - 4*j + 4. Let s be i(m). List the prime factors of (-2450)/s - 2/(-4).
2, 11
Suppose -2*a = 5*p - 28291, -4*a + 67441 = 4*p + 10877. List the prime factors of a.
2, 7069
Let s = 2 - -3. Suppose -7 = -5*q + 4*g, -14*g = -15*g + 2. Suppose q*d + s*y - 53 = -8, -5*d = -y - 75. List the prime factors of d.
3, 5
Let r(t) = -t**2 + 9*t + 38. Let o be r(-3). Let v(b) = 39*b**3 - b**2 + 7*b + 1. What are the prime factors of v(o)?
17, 19
Suppose 4*k - q - 103601 = -16355, -87276 = -4*k - 4*q. List the prime factors of k.
3, 11, 661
Let j(a) = -924*a**3 + 12*a**2 + a + 2. List the prime factors of j(-1).
937
Suppose 28*q - 493703 - 512435 = 455126. What are the prime factors of q?
2, 3, 4349
Let p(a) = 88*a + 25. Let x be p(6). Let y = 1600 - x. What are the prime factors of y?
3, 349
Let g be 81/(-27) - (-367 + -2). Let s = -263 + g. What are the prime factors of s?
103
Let k(o) = o**2 - 39. Let a be k(9). Suppose 2*j - 4*j = a. Let u = j - -24. What are the prime factors of u?
3
Let o(y) = 120*y**3 - 9*y**2 + 40*y - 23. List the prime factors of o(4).
7673
Suppose -2*k + 47 = 81. Let j(p) = p**3 + 18*p**2 + 3*p + 10. What are the prime factors of j(k)?
2, 31
Let d = 298 + -294. Suppose 43*k + 510 = 5*b + 38*k, d*k - 112 = -b. What are the prime factors of b?
2, 13
Suppose 478*u - 12202850